{"id":11687,"date":"2023-04-06T16:07:03","date_gmt":"2023-04-06T13:07:03","guid":{"rendered":"https:\/\/pizzeriarosief.fi\/?post_type=product&#038;p=11687"},"modified":"2024-12-09T03:26:14","modified_gmt":"2024-12-09T01:26:14","slug":"jatti-kebabrulla","status":"publish","type":"product","link":"https:\/\/pizzeriarosief.fi\/?product=jatti-kebabrulla","title":{"rendered":"J\u00e4tti Kebabrulla"},"content":{"rendered":"<p>Tupla Kebab. Annoksiin kuuluu j\u00e4\u00e4vuorisalaatti ja valitsemasi kastike<\/p>\n","protected":false},"excerpt":{"rendered":"<p>Tupla Kebab. Annoksiin kuuluu j\u00e4\u00e4vuorisalaatti ja valitsemasi kastike<\/p>\n","protected":false},"featured_media":13393,"template":"","meta":[],"product_brand":[],"product_cat":[73,105],"product_tag":[],"class_list":{"0":"post-11687","1":"product","2":"type-product","3":"status-publish","4":"has-post-thumbnail","6":"product_cat-kebabit","7":"product_cat-kebabrulla","9":"first","10":"instock","11":"taxable","12":"shipping-taxable","13":"purchasable","14":"product-type-simple"},"_links":{"self":[{"href":"https:\/\/pizzeriarosief.fi\/index.php?rest_route=\/wp\/v2\/product\/11687","targetHints":{"allow":["GET"]}}],"collection":[{"href":"https:\/\/pizzeriarosief.fi\/index.php?rest_route=\/wp\/v2\/product"}],"about":[{"href":"https:\/\/pizzeriarosief.fi\/index.php?rest_route=\/wp\/v2\/types\/product"}],"wp:featuredmedia":[{"embeddable":true,"href":"https:\/\/pizzeriarosief.fi\/index.php?rest_route=\/wp\/v2\/media\/13393"}],"wp:attachment":[{"href":"https:\/\/pizzeriarosief.fi\/index.php?rest_route=%2Fwp%2Fv2%2Fmedia&parent=11687"}],"wp:term":[{"taxonomy":"product_brand","embeddable":true,"href":"https:\/\/pizzeriarosief.fi\/index.php?rest_route=%2Fwp%2Fv2%2Fproduct_brand&post=11687"},{"taxonomy":"product_cat","embeddable":true,"href":"https:\/\/pizzeriarosief.fi\/index.php?rest_route=%2Fwp%2Fv2%2Fproduct_cat&post=11687"},{"taxonomy":"product_tag","embeddable":true,"href":"https:\/\/pizzeriarosief.fi\/index.php?rest_route=%2Fwp%2Fv2%2Fproduct_tag&post=11687"}],"curies":[{"name":"wp","href":"https:\/\/api.w.org\/{rel}","templated":true}]}}